g - 125 = 0. List the prime factors of b.
11
Let y(n) = 2*n**3 + 12*n**2 + 8*n - 7. Let z be y(-5). What are the prime factors of (25/15)/(z/9) - -243?
2, 31
List the prime factors of (2/(-2))/((-3)/(-2715)*-5).
181
Let r be 928/14 - (-3)/((-63)/6). What are the prime factors of (-11)/(r/(-20292))*(-2)/(-4)?
19, 89
Let v = 114 + -108. Suppose -v*f - 4*g - 132 = -5*f, 5*g - 660 = 5*f. Let j = 1 - f. What are the prime factors of j?
7, 19
Let v(j) = 2*j**3 + 133*j**2 + 198*j - 135. List the prime factors of v(-63).
2, 3, 281
Suppose 0 = 3*h + 5*o - 1011, -h + 411 - 74 = 2*o. Suppose h - 73 = c. List the prime factors of c.
2, 3, 11
Suppose -7*o + 240 = -3*o. Let x(y) = y + 84 - o + 119 + y**2 + y**3. List the prime factors of x(0).
11, 13
Let r = -155 + 161. Suppose -25*d + r = -544. List the prime factors of d.
2, 11
Suppose 2*w = z + 2091, -5*w - 4*z + 0*z + 5195 = 0. Suppose 7*y - w - 1365 = 0. What are the prime factors of y?
2, 43
Suppose 24*b - 4*b - 100 = 0. Suppose -b*h - 4115 = -5*l, 0 = -2*h + h - 2. List the prime factors of l.
821
Let d = 26265 - 15553. List the prime factors of d.
2, 13, 103
Let j = -3700 - -10068. What are the prime factors of j?
2, 199
Suppose -3*s + 3 = 0, -3*s + 17 = 2*q - 14. Let t = q - 11. Let a(l) = 4*l**3 + 3*l**2 + 4*l - 2. What are the prime factors of a(t)?
5, 29
Let p(b) be the first derivative of -291*b**2/2 - 14*b - 71. List the prime factors of p(-2).
2, 71
Suppose -8*k + 1931 = 195. Suppose -k*b - 240 = -221*b. What are the prime factors of b?
2, 3, 5
Let i be (39/4)/(14/56). Suppose 0 = 5*r + i - 59. Suppose 5*c + r*q = 35, 8 = 4*c + 5*q - 11. List the prime factors of c.
11
Let v(f) be the second derivative of 1/12*f**4 + 20*f + 2/3*f**3 + 0 - 9/2*f**2. List the prime factors of v(5).
2, 3
Suppose 4*y - 7584 - 27562 = 5*m, 3*y - 26357 = 5*m. List the prime factors of y.
11, 17, 47
Let r = -7671 - -10787. List the prime factors of r.
2, 19, 41
Suppose -3*r + 62 = 4*v, 3*v = r - 2*v - 8. Let h(m) = 99*m - 312. What are the prime factors of h(r)?
2, 3, 5, 7
Let y(n) = 2*n**3 + 17*n**2 - 23*n - 22. Let k be y(-9). Suppose -105*l + k*l + 1004 = j, -2*l - 5055 = -5*j. List the prime factors of j.
1009
Let c(p) = -9870*p**3 + p**2 - 30*p - 30. List the prime factors of c(-1).
9871
Let z(y) = 2646*y + 2972. List the prime factors of z(8).
2, 5, 17, 71
Let k = -3423 + 3443. Let q(g) = -g**2 - 8. Let n be q(0). List the prime factors of 2*k/n + 39.
2, 17
Suppose j = -5 + 1, 0 = -t - 2*j + 62. Suppose -t*g = -75*g + 600. What are the prime factors of g?
2, 3, 5
Let w(m) = -9*m - 8. Suppose -1 = 5*a - t + 4, 0 = 4*a - 4*t - 12. Let f(k) = 2*k**3 + 2*k**2 - 4*k - 5. Let r be f(a). What are the prime factors of w(r)?
37
Let z(x) = x**2 + 2*x + 1. Let o(d) = 7*d**2 - 27*d - 12. Let h(j) = o(j) + 3*z(j). List the prime factors of h(8).
463
Suppose -44 = 3*a + 3*d - 128, -5*a + 4*d + 113 = 0. Suppose 105 = 16*s + a. Suppose s*h = 4*h + 150. What are the prime factors of h?
2, 3, 5
Suppose 69*x = 65*x + 1096. Suppose -2 = v + 2, -2*v - x = -2*j. What are the prime factors of j?
7, 19
Let g be (10 + -1)*(101 - (-10)/(-5)). Suppose -4*x + 2*v - 43 + g = 0, 4*x + 3*v - 848 = 0. What are the prime factors of x?
2, 53
Suppose 99*k = 591223 + 1312943. List the prime factors of k.
2, 59, 163
Let g be 25/(6*(-3)/(-18)). List the prime factors of -360*(5 - 135/g).
2, 3
What are the prime factors of (-91017)/(-13) - 40/130?
7001
Suppose 0 = 3*v - 6, j = -3*j + v + 10. Let u(s) = -19*s + 126*s**3 - 127*s**j + 6*s - 13*s**2 + 8. List the prime factors of u(-12).
2, 5
Let u be -1 + 7 + (2 + 11)/(-1). List the prime factors of 385*(1 - u/(-35)).
2, 7, 11
Suppose -5*v + 5*x - 1943 = -2*v, 3*v - x + 1939 = 0. Let i = v - -1849. List the prime factors of i.
3, 401
Suppose 5*w + 5*j = 15380, j + 9240 = 20*w - 17*w. List the prime factors of w.
3079
Suppose -h - 1170 = -7*h. Let v = 802 - h. What are the prime factors of v?
607
Suppose 53*u - 62*u + 9585 = 0. Suppose d + 3*d - 3*a - 1392 = 0, 3*d = -3*a + u. List the prime factors of d.
3, 13
Let f = -12 - -2. Let y(m) = -m**3 - 5*m**2 + 5*m + 14. Let l be y(f). Let h = -318 + l. What are the prime factors of h?
2, 73
Let c(w) = w**3 - w**2 - 5*w - 4. Let k be c(-2). What are the prime factors of (-3 + 1801)*(-3)/k?
29, 31
Suppose 2*a = 8*a - 2154. Suppose 4*g - a = -103. Let o = -38 + g. List the prime factors of o.
2, 13
Let f(g) = g**2 + 14*g + 34. Let n be f(0). Suppose n*u - 9417 = -9*u. List the prime factors of u.
3, 73
Let g be -3 - 5/(2 + (-106)/54). Let v = g - -82. List the prime factors of -2 - (5728/v + (-2)/(-7)).
2, 5
Let h = 37 + -33. Suppose 0 = g + h*g. Suppose -5*t - 2*w + 155 = 0, g*t = 3*t + 4*w - 79. List the prime factors of t.
3, 11
Let p be 5/15*(3 - 324/(-3)). Suppose -2*n = p - 43. Suppose 3*z - 132 = -3*a, 5*z = -a + n*a + 227. List the prime factors of z.
3, 5
Suppose -4095 = -v + 5*q, -7*v + 8*v = -5*q + 4155. List the prime factors of v.
3, 5, 11
Let h(a) be the first derivative of 23*a**3/6 - 31*a**2/2 + 21*a - 46. Let n(t) be the first derivative of h(t). What are the prime factors of n(7)?
2, 5, 13
Suppose -96*s = -33*s - 644805. List the prime factors of s.
5, 23, 89
Suppose 204*n - 298055 = -158397 + 928894. What are the prime factors of n?
2, 3, 97
Suppose 13*j - 13*j = 22*j - 229152. What are the prime factors of j?
2, 3, 7, 31
Suppose -24*f = -27*f + 198. Suppose 64*d - f*d + 358 = 0. List the prime factors of d.
179
Let z(q) = q**3 - 12*q**2 + 42*q + 560. List the prime factors of z(33).
5, 7, 709
Let l(s) = s**2 + 13*s - 20. Let a be l(10). Suppose b + r - a = -2*r, 2*b - 380 = 2*r. Let p = b + -116. What are the prime factors of p?
79
Let j(s) = -7*s**3 - s**2 + 1. Let g be j(1). Let z(w) = 116*w - 1 + 28 - 227*w + 112*w. List the prime factors of z(g).
2, 5
Let z = -59182 + 96012. What are the prime factors of z?
2, 5, 29, 127
Suppose 0 = -h + 6*h + 20, -5*h - 32 = -4*b. Suppose 3*s - 428 = -v + 288, 0 = 3*v - b*s - 2112. List the prime factors of v.
7, 101
Let c = 651 + -628. Suppose -c*s + 19435 = -13248. What are the prime factors of s?
7, 29
Let s(c) = -c**3 + 16*c**2 - 21*c - 17. What are the prime factors of s(-32)?
49807
Let z(p) be the third derivative of 11*p**6/30 - p**5/15 + 3*p**4/4 - 4*p**3/3 + 75*p**2. What are the prime factors of z(3)?
2, 599
Suppose -39*b = -40*b + 18. Suppose 0 = 5*a - 3*c - b, 0*a + 11 = 2*a - 5*c. Suppose -98 = -a*t + 508. List the prime factors of t.
2, 101
Let n(w) = -4*w**2 + 266*w + 186. List the prime factors of n(42).
2, 3, 239
Suppose 0*m + m = -12. Let o = m - -14. List the prime factors of (-46 + 18)/(o/(-4)).
2, 7
Suppose 493*u - 3856554 = 415*u. List the prime factors of u.
3, 16481
Let n = -76 - -92. Suppose -2*m + 37 = -m - 5*x, 4*x - n = -3*m. Suppose 7*c + 4*r - 1312 = 2*c, 4*r = m. List the prime factors of c.
2, 5, 13
Let l(u) = 41*u + 21. Let h be l(5). Suppose 2*y - 832 = 2*c + 2*c, -h = c - 5*y. Let j = c - -291. What are the prime factors of j?
5, 17
Let s(j) = -25*j + 11. Suppose r - 5 = -r - b, 3*r = -5*b + 11. Let o be s(r). List the prime factors of 1556/26 + (-6)/o.
2, 3, 5
Suppose 0 = 142*x - 150*x + 31352. List the prime factors of x.
3919
Suppose 0 = -v - g - 49, 4*v = 6*g - 11*g - 191. What are the prime factors of ((-12)/v)/((-3)/(-16659))?
2, 617
Let p(d) = -2*d**3 - 20*d**2 - 2*d + 40. Let m be p(-10). Let z = -157 + 94. What are the prime factors of (-3 + 4)/(1 + m/z)?
3, 7
Let c(d) = 326*d - 1485. What are the prime factors of c(12)?
3, 809
Let b(h) = 806*h + 2946. List the prime factors of b(7).
2, 19, 113
Suppose -598642 = -72*f + 40934. What are the prime factors of f?
3, 7, 47
Suppose 5*x + 1512 = 6*u - 8*u, 2*x = 0. Let k = 1185 + u. What are the prime factors of k?
3, 11, 13
Let f = -3357 + 7478. What are the prime factors of f?
13, 317
Let n(p) = -25*p - 3. Let o be n(-4). Let x(a) = -a**2 - 7*a + 167. Let d be x(-18). Let t = d + o. What are the prime factors of t?
2, 3, 11
What are the prime factors of ((-198)/4*(-11293)/69)/(12/8)?
11, 491
Let i(m) = -m**2 - 20*m - 1. Let u be i(-17). Suppose -u*r + 6 = -48*r. List the prime factors of (-460)/(-4) + r + 0.
2, 59
Suppose 3*u - 4*u + 25 = -5*c, 3*u = -c + 107. Suppose -u*z = -40*z + 25. Suppose -l + 5*l = 3*